109497.
11796
Calculate the remainder when 34968754 is divided by 15773.
13
What is the remainder when 4968285 is divided by 2439?
42
What is the remainder when 1037285 is divided by 27291?
227
Calculate the remainder when 1740009 is divided by 869995.
19
Calculate the remainder when 12377467 is divided by 13252.
99
What is the remainder when 850194 is divided by 169939?
499
What is the remainder when 45578 is divided by 72?
2
Calculate the remainder when 134041317 is divided by 20.
17
What is the remainder when 17825 is divided by 3959?
1989
Calculate the remainder when 321662 is divided by 1055.
942
Calculate the remainder when 2473398 is divided by 63420.
18
Calculate the remainder when 108493349 is divided by 1018.
1017
What is the remainder when 1120332 is divided by 34998?
396
Calculate the remainder when 356620317 is divided by 420.
417
What is the remainder when 13188276 is divided by 125602?
66
What is the remainder when 30094206 is divided by 409?
395
What is the remainder when 21940 is divided by 9974?
1992
What is the remainder when 705035 is divided by 340?
215
What is the remainder when 1078273 is divided by 312?
1
Calculate the remainder when 631921 is divided by 2026.
1835
Calculate the remainder when 11006700 is divided by 2327.
2317
Calculate the remainder when 38142638 is divided by 639.
89
What is the remainder when 4725 is divided by 124?
13
Calculate the remainder when 4677162 is divided by 48.
42
Calculate the remainder when 591441 is divided by 51.
45
What is the remainder when 2661 is divided by 1324?
13
What is the remainder when 435781 is divided by 3327?
3271
Calculate the remainder when 2590503 is divided by 4513.
41
What is the remainder when 10566146 is divided by 692?
690
What is the remainder when 26785535 is divided by 38?
19
What is the remainder when 220786 is divided by 692?
38
Calculate the remainder when 1979329 is divided by 192.
1
Calculate the remainder when 36691808 is divided by 9172948.
16
What is the remainder when 270305 is divided by 764?
613
Calculate the remainder when 279558276 is divided by 5929.
5926
Calculate the remainder when 24282417 is divided by 55313.
10
What is the remainder when 389568 is divided by 1284?
516
What is the remainder when 39663273 is divided by 5?
3
Calculate the remainder when 999642 is divided by 356.
350
Calculate the remainder when 2614453 is divided by 433.
432
Calculate the remainder when 612066 is divided by 763.
140
What is the remainder when 1302460 is divided by 127?
75
What is the remainder when 597288 is divided by 244?
220
Calculate the remainder when 4053690 is divided by 2026699.
292
Calculate the remainder when 25146 is divided by 1335.
1116
Calculate the remainder when 15729759 is divided by 5159.
5127
What is the remainder when 17947004 is divided by 192?
188
Calculate the remainder when 925490 is divided by 920.
890
Calculate the remainder when 46931 is divided by 2752.
147
What is the remainder when 4795102 is divided by 62?
22
Calculate the remainder when 266926 is divided by 2383.
30
Calculate the remainder when 625033903 is divided by 18.
13
Calculate the remainder when 20131702 is divided by 11.
8
What is the remainder when 2452120 is divided by 2101?
253
Calculate the remainder when 72095 is divided by 72092.
3
Calculate the remainder when 12273906 is divided by 1753403.
85
Calculate the remainder when 126098 is divided by 270.
8
Calculate the remainder when 38328672 is divided by 34718.
0
Calculate the remainder when 5165567 is divided by 586.
563
Calculate the remainder when 260325288 is divided by 7419.
7416
Calculate the remainder when 457188 is divided by 57137.
92
What is the remainder when 33313 is divided by 5413?
835
Calculate the remainder when 34858910 is divided by 23474.
20
Calculate the remainder when 12823875 is divided by 5.
0
Calculate the remainder when 1392986 is divided by 9476.
14
Calculate the remainder when 128891 is divided by 1674.
1667
Calculate the remainder when 4978716 is divided by 160.
156
What is the remainder when 322765797 is divided by 4154?
4151
Calculate the remainder when 35144 is divided by 370.
364
Calculate the remainder when 251912 is divided by 251855.
57
Calculate the remainder when 1554015 is divided by 9141.
45
What is the remainder when 2443429 is divided by 1145?
1144
Calculate the remainder when 1393897 is divided by 558.
13
What is the remainder when 30216 is divided by 27837?
2379
Calculate the remainder when 341078 is divided by 53.
23
What is the remainder when 3665363 is divided by 1143?
905
Calculate the remainder when 1260798 is divided by 1142.
30
Calculate the remainder when 85334240 is divided by 100630.
0
What is the remainder when 2249093 is divided by 20262?
11
Calculate the remainder when 3989 is divided by 672.
629
Calculate the remainder when 745714 is divided by 248512.
178
Calculate the remainder when 3232477 is divided by 1965.
52
What is the remainder when 1775434 is divided by 114?
112
Calculate the remainder when 12526060 is divided by 321.
319
Calculate the remainder when 86534 is divided by 43022.
490
What is the remainder when 197259 is divided by 12280?
779
What is the remainder when 183697 is divided by 91767?
163
What is the remainder when 239514473 is divided by 30?
23
Calculate the remainder when 62792492 is divided by 3693675.
17
Calculate the remainder when 32874429 is divided by 10.
9
Calculate the remainder when 7486057 is divided by 748601.
47
Calculate the remainder when 682701 is divided by 682478.
223
Calculate the remainder when 3978578 is divided by 170.
68
What is the remainder when 118859 is divided by 5379?
521
Calculate the remainder when 19905517 is divided by 61.
58
Calculate the remainder when 4479516 is divided by 16.
12
Calculate the remainder when 443481190 is divided by 88.
86
Calculate the remainder when 68416 is divided by 6146.
810
What is the remainder when 902431 is divided by 54?
37
Calculate the remainder when 368863 is divided by 13661.
16
Calculate the remainder when 379329 is divided by 9124.
5245
Calculate the remainder when 970241 is divided by 46199.
62
Calculate the remainder when 95816257 is divided by 675.
7
Calculate the remainder when 48367421 is divided by 19.
14
Calculate the remainder when 10836344 is divided by 65.
64
What is the remainder when 1681314 is divided by 162?
78
Calculate the remainder when 3973584 is divided by 764.
20
Calculate the remainder when 94068 is divided by 93580.
488
What is the remainder when 239442 is divided by 79541?
819
What is the remainder when 592800 is divided by 861?
432
What is the remainder when 30694 is divided by 871?
209
Calculate the remainder when 16929150 is divided by 120922.
70
Calculate the remainder when 11135441 is divided by 3711792.
65
What is the remainder when 69744 is divided by 6540?
4344
Calculate the remainder when 958740 is divided by 159651.
834
Calculate the remainder when 569901 is divided by 81377.
262
Calculate the remainder when 6017384 is divided by 23.
9
What is the remainder when 3086742 is divided by 62?
10
Calculate the remainder when 2076827 is divided by 14223.
269
What is the remainder when 205979452 is divided by 3728?
3724
Calculate the remainder when 1872435 is divided by 253.
235
Calculate the remainder when 7590820 is divided by 2530267.
19
Calculate the remainder when 2547998 is divided by 4957.
100
Calculate the remainder when 130880854 is divided by 5658.
5656
What is the remainder when 7197313 is divided by 196?
193
What is the remainder when 144559 is divided by 14395?
609
Calculate the remainder when 10057302 is divided by 3703.
3657
What is the remainder when 4991573 is divided by 34?
33
Calculate the remainder when 26707597 is divided by 3338449.
5
What is the remainder when 2349432 is divided by 1338?
1242
What is the remainder when 33048082 is divided by 3518?
3508
What is the remainder when 73280341 is divided by 11?
2
Calculate the remainder when 26882739 is divided by 640065.
9
What is the remainder when 3005183 is divided by 1032?
1031
Calculate the remainder when 69318 is divided by 69312.
6
Calculate the remainder when 3682797 is divided by 341.
338
Calculate the remainder when 29434171 is divided by 735854.
11
Calculate the remai